[INFO] fetching crate function_name 0.2.0...
[INFO] checking function_name-0.2.0 against master#af3c6e733a40e671550e0f0f5aeecaa13772ba56 for pr-74989
[INFO] extracting crate function_name 0.2.0 into /workspace/builds/worker-8/source
[INFO] validating manifest of crates.io crate function_name 0.2.0 on toolchain af3c6e733a40e671550e0f0f5aeecaa13772ba56
[INFO] running `Command { std: "/workspace/cargo-home/bin/cargo" "+af3c6e733a40e671550e0f0f5aeecaa13772ba56" "read-manifest" "--manifest-path" "Cargo.toml", kill_on_drop: false }`
[INFO] started tweaking crates.io crate function_name 0.2.0
[INFO] finished tweaking crates.io crate function_name 0.2.0
[INFO] tweaked toml for crates.io crate function_name 0.2.0 written to /workspace/builds/worker-8/source/Cargo.toml
[INFO] running `Command { std: "/workspace/cargo-home/bin/cargo" "+af3c6e733a40e671550e0f0f5aeecaa13772ba56" "generate-lockfile" "--manifest-path" "Cargo.toml" "-Zno-index-update", kill_on_drop: false }`
[INFO] running `Command { std: "/workspace/cargo-home/bin/cargo" "+af3c6e733a40e671550e0f0f5aeecaa13772ba56" "fetch" "--locked" "--manifest-path" "Cargo.toml", kill_on_drop: false }`
[INFO] [stderr]     Blocking waiting for file lock on package cache
[INFO] running `Command { std: "docker" "create" "-v" "/var/lib/crater-agent-workspace/builds/worker-8/target:/opt/rustwide/target:rw,Z" "-v" "/var/lib/crater-agent-workspace/builds/worker-8/source:/opt/rustwide/workdir:ro,Z" "-v" "/var/lib/crater-agent-workspace/cargo-home:/opt/rustwide/cargo-home:ro,Z" "-v" "/var/lib/crater-agent-workspace/rustup-home:/opt/rustwide/rustup-home:ro,Z" "-e" "SOURCE_DIR=/opt/rustwide/workdir" "-e" "CARGO_TARGET_DIR=/opt/rustwide/target" "-e" "CARGO_HOME=/opt/rustwide/cargo-home" "-e" "RUSTUP_HOME=/opt/rustwide/rustup-home" "-w" "/opt/rustwide/workdir" "-m" "1610612736" "--user" "0:0" "--network" "none" "rustops/crates-build-env@sha256:d92eaeed33fa75130ca1ee6c8a01d1ffb62bac859dfdfb3450e3e5d1c0146529" "/opt/rustwide/cargo-home/bin/cargo" "+af3c6e733a40e671550e0f0f5aeecaa13772ba56" "metadata" "--no-deps" "--format-version=1", kill_on_drop: false }`
[INFO] [stdout] 9c33755071aa2a6250797e61b905c51cdb7f6956336d17fc3b8d6584156a4689
[INFO] [stderr] WARNING: Your kernel does not support swap limit capabilities or the cgroup is not mounted. Memory limited without swap.
[INFO] running `Command { std: "docker" "start" "-a" "9c33755071aa2a6250797e61b905c51cdb7f6956336d17fc3b8d6584156a4689", kill_on_drop: false }`
[INFO] running `Command { std: "docker" "inspect" "9c33755071aa2a6250797e61b905c51cdb7f6956336d17fc3b8d6584156a4689", kill_on_drop: false }`
[INFO] running `Command { std: "docker" "rm" "-f" "9c33755071aa2a6250797e61b905c51cdb7f6956336d17fc3b8d6584156a4689", kill_on_drop: false }`
[INFO] [stdout] 9c33755071aa2a6250797e61b905c51cdb7f6956336d17fc3b8d6584156a4689
[INFO] running `Command { std: "docker" "create" "-v" "/var/lib/crater-agent-workspace/builds/worker-8/target:/opt/rustwide/target:rw,Z" "-v" "/var/lib/crater-agent-workspace/builds/worker-8/source:/opt/rustwide/workdir:ro,Z" "-v" "/var/lib/crater-agent-workspace/cargo-home:/opt/rustwide/cargo-home:ro,Z" "-v" "/var/lib/crater-agent-workspace/rustup-home:/opt/rustwide/rustup-home:ro,Z" "-e" "SOURCE_DIR=/opt/rustwide/workdir" "-e" "CARGO_TARGET_DIR=/opt/rustwide/target" "-e" "CARGO_INCREMENTAL=0" "-e" "RUST_BACKTRACE=full" "-e" "RUSTFLAGS=--cap-lints=forbid" "-e" "CARGO_HOME=/opt/rustwide/cargo-home" "-e" "RUSTUP_HOME=/opt/rustwide/rustup-home" "-w" "/opt/rustwide/workdir" "-m" "1610612736" "--user" "0:0" "--network" "none" "rustops/crates-build-env@sha256:d92eaeed33fa75130ca1ee6c8a01d1ffb62bac859dfdfb3450e3e5d1c0146529" "/opt/rustwide/cargo-home/bin/cargo" "+af3c6e733a40e671550e0f0f5aeecaa13772ba56" "check" "--frozen" "--all" "--all-targets" "--message-format=json", kill_on_drop: false }`
[INFO] [stderr] WARNING: Your kernel does not support swap limit capabilities or the cgroup is not mounted. Memory limited without swap.
[INFO] [stdout] addbdc2295cc94674fa873bafbfe432bfdba98b476cd9a250372af7d7407fae6
[INFO] running `Command { std: "docker" "start" "-a" "addbdc2295cc94674fa873bafbfe432bfdba98b476cd9a250372af7d7407fae6", kill_on_drop: false }`
[INFO] [stderr]    Compiling serde v1.0.116
[INFO] [stderr]    Compiling proc-macro2 v0.4.30
[INFO] [stderr]    Compiling syn v0.15.44
[INFO] [stderr]    Compiling quote v0.6.13
[INFO] [stderr]    Compiling toml v0.5.6
[INFO] [stderr]    Compiling proc-macro-crate v0.1.5
[INFO] [stderr]    Compiling function_name-proc-macro v0.2.0
[INFO] [stderr]     Checking function_name v0.2.0 (/opt/rustwide/workdir)
[INFO] [stdout] error: custom attribute panicked
[INFO] [stdout]  --> examples/readme-function_path.rs:9:9
[INFO] [stdout]   |
[INFO] [stdout] 9 |         #[named]
[INFO] [stdout]   |         ^^^^^^^^
[INFO] [stdout]   |
[INFO] [stdout]   = help: message: Cargo.toml must have a function_name dependency: "Could not find `function_name` in `dependencies` or `dev-dependencies` in `/opt/rustwide/workdir/Cargo.toml`!"
[INFO] [stdout] 
[INFO] [stdout] 
[INFO] [stdout] error: custom attribute panicked
[INFO] [stdout]  --> examples/readme-basic.rs:3:1
[INFO] [stdout]   |
[INFO] [stdout] 3 | #[named]
[INFO] [stdout]   | ^^^^^^^^
[INFO] [stdout]   |
[INFO] [stdout]   = help: message: Cargo.toml must have a function_name dependency: "Could not find `function_name` in `dependencies` or `dev-dependencies` in `/opt/rustwide/workdir/Cargo.toml`!"
[INFO] [stdout] 
[INFO] [stdout] 
[INFO] [stdout] error: custom attribute panicked
[INFO] [stdout]  --> tests/double_use.rs:3:1
[INFO] [stdout]   |
[INFO] [stdout] 3 | #[named]
[INFO] [stdout]   | ^^^^^^^^
[INFO] [stdout]   |
[INFO] [stdout]   = help: message: Cargo.toml must have a function_name dependency: "Could not find `function_name` in `dependencies` or `dev-dependencies` in `/opt/rustwide/workdir/Cargo.toml`!"
[INFO] [stdout] 
[INFO] [stdout] 
[INFO] [stdout] error: custom attribute panicked
[INFO] [stdout]  --> tests/double_use.rs:9:1
[INFO] [stdout]   |
[INFO] [stdout] 9 | #[named]
[INFO] [stdout]   | ^^^^^^^^
[INFO] [stdout]   |
[INFO] [stdout]   = help: message: Cargo.toml must have a function_name dependency: "Could not find `function_name` in `dependencies` or `dev-dependencies` in `/opt/rustwide/workdir/Cargo.toml`!"
[INFO] [stdout] 
[INFO] [stdout] 
[INFO] [stdout] error[E0425]: cannot find function `baz` in module `foo::bar`
[INFO] [stdout]   --> examples/readme-function_path.rs:19:15
[INFO] [stdout]    |
[INFO] [stdout] 19 |     foo::bar::baz();
[INFO] [stdout]    |               ^^^ not found in `foo::bar`
[INFO] [stdout] 
[INFO] [stdout] 
[INFO] [stdout] warning: unused macro definition
[INFO] [stdout]  --> examples/readme-function_path.rs:3:1
[INFO] [stdout]   |
[INFO] [stdout] 3 | / macro_rules! function_path {() => (concat!(
[INFO] [stdout] 4 | |     module_path!(), "::", function_name!()
[INFO] [stdout] 5 | | ))}
[INFO] [stdout]   | |___^
[INFO] [stdout]   |
[INFO] [stdout]   = note: `#[warn(unused_macros)]` on by default
[INFO] [stdout] 
[INFO] [stdout] 
[INFO] [stdout] error: aborting due to 2 previous errors; 1 warning emitted
[INFO] [stdout] 
[INFO] [stdout] 
[INFO] [stdout] For more information about this error, try `rustc --explain E0425`.
[INFO] [stdout] 
[INFO] [stdout] error[E0425]: cannot find function `my_super_duper_function` in this scope
[INFO] [stdout]   --> examples/readme-basic.rs:11:5
[INFO] [stdout]    |
[INFO] [stdout] 11 |     my_super_duper_function();
[INFO] [stdout]    |     ^^^^^^^^^^^^^^^^^^^^^^^ not found in this scope
[INFO] [stdout] 
[INFO] [stdout] 
[INFO] [stdout] error: aborting due to 2 previous errors
[INFO] [stdout] 
[INFO] [stdout] 
[INFO] [stdout] For more information about this error, try `rustc --explain E0425`.
[INFO] [stdout] 
[INFO] [stdout] error[E0425]: cannot find function `foo` in this scope
[INFO] [stdout]   --> tests/double_use.rs:18:5
[INFO] [stdout]    |
[INFO] [stdout] 18 |     foo();
[INFO] [stdout]    |     ^^^ not found in this scope
[INFO] [stdout] 
[INFO] [stdout] 
[INFO] [stdout] error[E0425]: cannot find function `bar` in this scope
[INFO] [stdout]   --> tests/double_use.rs:19:5
[INFO] [stdout]    |
[INFO] [stdout] 19 |     bar();
[INFO] [stdout]    |     ^^^ not found in this scope
[INFO] [stdout] 
[INFO] [stdout] 
[INFO] [stderr] error: could not compile `function_name`.
[INFO] [stderr] 
[INFO] [stderr] To learn more, run the command again with --verbose.
[INFO] [stderr] warning: build failed, waiting for other jobs to finish...
[INFO] [stdout] error: aborting due to 4 previous errors
[INFO] [stdout] 
[INFO] [stdout] 
[INFO] [stdout] For more information about this error, try `rustc --explain E0425`.
[INFO] [stdout] 
[INFO] [stderr] error: build failed
[INFO] running `Command { std: "docker" "inspect" "addbdc2295cc94674fa873bafbfe432bfdba98b476cd9a250372af7d7407fae6", kill_on_drop: false }`
[INFO] running `Command { std: "docker" "rm" "-f" "addbdc2295cc94674fa873bafbfe432bfdba98b476cd9a250372af7d7407fae6", kill_on_drop: false }`
[INFO] [stdout] addbdc2295cc94674fa873bafbfe432bfdba98b476cd9a250372af7d7407fae6
